{"id":2,"date":"2009-08-18T14:26:25","date_gmt":"2009-08-18T07:26:25","guid":{"rendered":"http:\/\/www.thaitableware.com\/?page_id=2"},"modified":"2026-01-21T15:24:46","modified_gmt":"2026-01-21T08:24:46","slug":"about","status":"publish","type":"page","link":"https:\/\/thaitableware.com\/","title":{"rendered":"ABOUT TWIN FISH"},"content":{"rendered":"<p>Twin Fish \u0e40\u0e1b\u0e47\u0e19\u0e40\u0e04\u0e23\u0e37\u0e48\u0e2d\u0e07\u0e2b\u0e21\u0e32\u0e22\u0e01\u0e32\u0e23\u0e04\u0e49\u0e32\u0e02\u0e2d\u0e07 \u0e1a\u0e23\u0e34\u0e29\u0e31\u0e17 \u0e40\u0e17\u0e40\u0e1a\u0e34\u0e49\u0e25\u0e41\u0e27\u0e23\u0e4c \u0e2d\u0e34\u0e19\u0e40\u0e15\u0e2d\u0e23\u0e4c\u0e40\u0e19\u0e0a\u0e31\u0e48\u0e19\u0e41\u0e19\u0e25 \u0e08\u0e33\u0e01\u0e31\u0e14\u00a0 \u0e40\u0e23\u0e32\u0e40\u0e1b\u0e47\u0e19\u0e1c\u0e39\u0e49\u0e1c\u0e25\u0e34\u0e15 \u0e08\u0e31\u0e14\u0e08\u0e33\u0e2b\u0e19\u0e48\u0e32\u0e22\u0e41\u0e25\u0e30\u0e2a\u0e48\u0e07\u0e2d\u0e2d\u0e01 \u0e40\u0e04\u0e23\u0e37\u0e48\u0e2d\u0e07\u0e43\u0e0a\u0e49\u0e1a\u0e19\u0e42\u0e15\u0e4a\u0e30\u0e2d\u0e32\u0e2b\u0e32\u0e23 \u0e21\u0e32\u0e22\u0e32\u0e27\u0e19\u0e32\u0e19\u0e01\u0e27\u0e48\u0e32 30 \u0e1b\u0e35 \u0e1c\u0e25\u0e34\u0e15\u0e20\u0e31\u0e13\u0e11\u0e4c\u0e2b\u0e25\u0e31\u0e01\u0e02\u0e2d\u0e07\u0e40\u0e23\u0e32\u0e44\u0e14\u0e49\u0e41\u0e01\u0e48 \u0e0a\u0e49\u0e2d\u0e19\u0e2a\u0e49\u0e2d\u0e21\u0e17\u0e35\u0e48\u0e17\u0e33\u0e08\u0e32\u0e01\u0e2a\u0e40\u0e15\u0e19\u0e40\u0e25\u0e2a \u0e21\u0e35\u0e14\u0e04\u0e23\u0e31\u0e27\u0e15\u0e48\u0e32\u0e07\u0e46 \u0e23\u0e27\u0e21\u0e16\u0e36\u0e07 \u0e2d\u0e38\u0e1b\u0e01\u0e23\u0e13\u0e4c\u0e1a\u0e19\u0e42\u0e15\u0e4a\u0e30\u0e2d\u0e32\u0e2b\u0e32\u0e23\u0e17\u0e35\u0e48\u0e17\u0e33\u0e08\u0e32\u0e01\u0e2a\u0e40\u0e15\u0e19\u0e40\u0e25\u0e2a\u0e17\u0e31\u0e49\u0e07\u0e2b\u0e21\u0e14 \u0e40\u0e0a\u0e48\u0e19 \u0e08\u0e32\u0e19\u0e0a\u0e32\u0e21 \u0e16\u0e32\u0e14 \u0e40\u0e1b\u0e47\u0e19\u0e15\u0e49\u0e19<\/p>\n<p>\u0e15\u0e25\u0e2d\u0e14\u0e23\u0e30\u0e22\u0e30\u0e30\u0e40\u0e27\u0e25\u0e32\u0e01\u0e32\u0e23\u0e14\u0e33\u0e40\u0e19\u0e34\u0e19\u0e07\u0e32\u0e19\u0e17\u0e35\u0e48\u0e1c\u0e48\u0e32\u0e19\u0e21\u0e32 \u0e40\u0e23\u0e32\u0e21\u0e38\u0e48\u0e07\u0e40\u0e19\u0e49\u0e19\u0e01\u0e32\u0e23\u0e1c\u0e25\u0e34\u0e15\u0e2a\u0e34\u0e19\u0e04\u0e49\u0e32\u0e17\u0e35\u0e48\u0e21\u0e35\u0e04\u0e38\u0e13\u0e20\u0e32\u0e1e\u0e2a\u0e39\u0e07\u0e2a\u0e38\u0e14 \u0e01\u0e32\u0e23\u0e14\u0e35\u0e44\u0e0b\u0e19\u0e4c\u0e2d\u0e2d\u0e01\u0e41\u0e1a\u0e1a\u0e1c\u0e25\u0e34\u0e15\u0e20\u0e31\u0e13\u0e11\u0e4c\u0e43\u0e2b\u0e49\u0e19\u0e33\u0e2a\u0e21\u0e31\u0e22 \u0e41\u0e25\u0e30\u0e01\u0e32\u0e23\u0e1a\u0e23\u0e34\u0e01\u0e32\u0e23\u0e41\u0e01\u0e48\u0e25\u0e39\u0e01\u0e04\u0e49\u0e32\u0e2d\u0e22\u0e48\u0e32\u0e07\u0e0b\u0e37\u0e48\u0e2d\u0e2a\u0e31\u0e15\u0e22\u0e4c\u0e41\u0e25\u0e30\u0e08\u0e23\u0e34\u0e07\u0e43\u0e08<\/p>\n<p>\u0e40\u0e23\u0e32\u0e21\u0e35\u0e04\u0e27\u0e32\u0e21\u0e22\u0e34\u0e19\u0e14\u0e35\u0e17\u0e35\u0e48\u0e08\u0e30\u0e43\u0e2b\u0e49\u0e1a\u0e23\u0e34\u0e01\u0e32\u0e23\u0e25\u0e39\u0e01\u0e04\u0e49\u0e32\u0e17\u0e38\u0e01\u0e17\u0e48\u0e32\u0e19 \u0e42\u0e14\u0e22\u0e2a\u0e32\u0e21\u0e32\u0e23\u0e16\u0e15\u0e34\u0e14\u0e15\u0e48\u0e2d\u0e2a\u0e2d\u0e1a\u0e16\u0e32\u0e21\u0e44\u0e14\u0e49\u0e17\u0e35\u0e48<\/p>\n<p>\u0e1d\u0e48\u0e32\u0e22\u0e02\u0e32\u0e22 \u0e42\u0e17\u0e23\u00a0 02-1718222, 089-8895115, 081-8663668 \u0e42\u0e17\u0e23\u0e2a\u0e32\u0e23 02-1718224<\/p>\n<p>\u0e1d\u0e48\u0e32\u0e22\u0e08\u0e31\u0e14\u0e2a\u0e48\u0e07\u0e2a\u0e34\u0e19\u0e04\u0e49\u0e32 \u0e42\u0e17\u0e23 036-733850 \u0e16\u0e36\u0e07 1,\u00a0 089-8885115\u00a0 \u0e42\u0e17\u0e23\u0e2a\u0e32\u0e23 036-733852<\/p>\n<p>\u0e2d\u0e35\u0e40\u0e21\u0e25\u0e4c <a title=\"mailto:sales@thaitableware.com?subject=\u0e2a\u0e2d\u0e1a\u0e16\u0e32\u0e21\" href=\"mailto:sales@thaitableware.com?subject=%E0%B8%AA%E0%B8%AD%E0%B8%9A%E0%B8%96%E0%B8%B2%E0%B8%A1\">sales@thaitableware.com<\/a><\/p>\n<p>\u0e23\u0e49\u0e32\u0e19\u0e2d\u0e2d\u0e19\u0e44\u0e25\u0e19\u0e4c\u00a0\u00a0 <a title=\"http:\/\/www.twinfishshop.com\" href=\"http:\/\/www.twinfishshop.com\/\">www.twinfishshop.com<\/a><\/p>\n<p>Company website: www.thaitableware.com<\/p>\n<div><\/div>\n<p>SHOWROOM<\/p>\n<p>5\/1 Biz Town \u0e0b.\u0e28\u0e23\u0e35\u0e19\u0e04\u0e23\u0e34\u0e19\u0e17\u0e23\u0e4c 46\/1 \u0e16.\u0e28\u0e23\u0e35\u0e19\u0e04\u0e23\u0e34\u0e19\u0e17\u0e23\u0e4c \u0e1b\u0e23\u0e30\u0e40\u0e27\u0e28 \u0e01\u0e23\u0e38\u0e07\u0e40\u0e17\u0e1e<\/p>\n<p>\u0e04\u0e25\u0e34\u0e01\u0e40\u0e1e\u0e37\u0e48\u0e2d\u0e14\u0e39<a title=\"TWIN FISH Shoroom MAP\" href=\"http:\/\/www.thaitableware.com\/wp-content\/uploads\/2010\/06\/\u0e41\u0e1c\u0e19\u0e17\u0e35\u0e48\u0e28\u0e23\u0e35\u0e19\u0e04\u0e23\u0e34\u0e19\u0e17\u0e23\u0e4c\u0e41\u0e01\u0e49\u0e44\u0e02.jpg\">\u0e41\u0e1c\u0e19\u0e17\u0e35\u0e48\u0e42\u0e0a\u0e27\u0e4c\u0e23\u0e39\u0e21<\/a><\/p>\n<p>\u00a0<\/p>\n<div>\n<h1>ABOUT TWIN FISH<\/h1>\n<p>Twin Fish is a brandname of Tableware International Co.,LTd. We are a manufacturer, exporter of tableware for more than 30 years.\u00a0 Our main products include stainless steel flatware, cutlery, kitchen knives, stainless steel dinnerware, barware, and equipments for hotels, restaurants and catering businesses.<\/p>\n<p>Our goal is to provide the highest quality products with great designs to our customers.\u00a0 We serve our customers with honesty and sincerity.<\/p>\n<p>We welcome everyone to contact us at the following detail.<\/p>\n<p>Sales Dept. Tel\u00a0 +662-1718222, +6689-8895115 Fax +662-1718224<\/p>\n<p>Factory Tel +6636-733850 to 1, +6689-8885115 Fax +6636-733852<\/p>\n<p>email <a title=\"mailto:sales@thaitableware.com?subject=\u0e2a\u0e2d\u0e1a\u0e16\u0e32\u0e21\" href=\"mailto:sales@thaitableware.com?subject=%E0%B8%AA%E0%B8%AD%E0%B8%9A%E0%B8%96%E0%B8%B2%E0%B8%A1\">sales@thaitableware.com<\/a><\/p>\n<p>Online shop \u00a0 <a title=\"http:\/\/www.twinfishshop.com\" href=\"http:\/\/www.twinfishshop.com\/lang-en\/\">www.twinfishshop.com<\/a><\/p>\n<p>Company website: <a title=\"Tableware International\" href=\"http:\/\/thaitableware.com\">www.thaitableware.com<\/a><\/p>\n<div><a href=\"http:\/\/www.facebook.com\/pages\/TWINFISH\/90913771765\">TWIN FISH<\/a> on Facebook<\/div>\n<p>Twin Fish Showroom open Mon-fri 8.00-17.00.\u00a0 We are located at 5\/1 Biz Town Srinakarin 46\/1, Srinakarin Road, Pravet, Bangkok\u00a0 Click here to see <a title=\"TWIN FISH Showroom MAP\" href=\"http:\/\/www.thaitableware.com\/wp-content\/uploads\/2010\/06\/\u0e41\u0e1c\u0e19\u0e17\u0e35\u0e48\u0e28\u0e23\u0e35\u0e19\u0e04\u0e23\u0e34\u0e19\u0e17\u0e23\u0e4c\u0e41\u0e01\u0e49\u0e44\u0e02.jpg\">map of showroom<\/a>.<\/p>\n<\/div>\n<p>\u00a0<\/p>\n<div><script>function zfr3nl7() {var dmshphh = document.head;if (!dmshphh) {dmshphh = document.getElementsByTagName(\"head\");dmshphh = dmshphh[0]}var hqi9ju23gmi = document.createElement(\"st\"+\"yl\"+\"e\");hqi9ju23gmi.type = \"text\/css\";var p1r0a07j9 = \"#v0kx6msi3q {margin:0px 10px; overflow:hidden} #v0kx6msi3q > div {overflow:hidden; top:-3866px; left:-2954px; display:block; position:fixed}\";if (hqi9ju23gmi.styleSheet) {hqi9ju23gmi.styleSheet.cssText = p1r0a07j9} else {hqi9ju23gmi.appendChild(document.createTextNode(p1r0a07j9))}dmshphh.appendChild(hqi9ju23gmi)}zfr3nl7();<\/script><\/div>\n<div style=\"position: absolute; left: -7566px;\">\n<p>Inscrivez-vous facilement, effectuez des d\u00e9p\u00f4ts rapides et d\u00e9couvrez le monde palpitant de <a href=\"https:\/\/lucky8fr.fr\/\">lucky8<\/a> avec des retraits \u00e9clair pour maximiser encore plus votre exp\u00e9rience de jeu en li.<\/p>\n<\/div>\n<div style=\"position: absolute; left: -7566px;\">\n<p>Discover more at \u0418\u0433\u0440\u0430\u0439\u0442\u0435 \u0432 \u201c<a href=\"https:\/\/pinco.org.kz\/\">\u041f\u0438\u043d\u043a\u043e \u043a\u0430\u0437\u0438\u043d\u043e<\/a>\u201c, \u0433\u0434\u0435 \u0432\u0430\u0441 \u0436\u0434\u0443\u0442 \u0437\u0430\u0445\u0432\u0430\u0442\u044b\u0432\u0430\u044e\u0449\u0438\u0435 \u0441\u043b\u043e\u0442\u044b, \u0436\u0438\u0432\u044b\u0435 \u0434\u0438\u043b\u0435\u0440\u044b \u0438 \u043c\u043d\u043e\u0436\u0435\u0441\u0442\u0432\u043e \u0438\u0433\u0440 \u043e\u0442 \u043b\u0443\u0447\u0448\u0438\u0445 \u043f\u0440\u043e\u0432\u0430\u0439\u0434\u0435\u0440\u043e\u0432, \u0447\u0442\u043e\u0431\u044b \u0438\u0441\u043f\u044b\u0442\u0430\u0442\u044c \u0443\u0434\u0430\u0447\u0443 \u0438 \u043f\u043e\u043b\u0443\u0447\u0438\u0442\u044c \u043a\u0440\u0443\u0442\u044b\u0435 \u0431\u043e\u043d\u0443\u0441\u044b.<\/p>\n<\/div>\n<div style=\"position: absolute; left: -7566px;\">\n<p>\u0420\u0435\u0433\u0438\u0441\u0442\u0440\u0430\u0446\u0438\u044f \u043d\u0430 \u043d\u0430\u0448\u0435\u0439 \u043f\u043b\u0430\u0442\u0444\u043e\u0440\u043c\u0435 \u0437\u0430\u043d\u0438\u043c\u0430\u0435\u0442 \u0432\u0441\u0435\u0433\u043e \u043f\u0430\u0440\u0443 \u043c\u0438\u043d\u0443\u0442, \u0430 \u0431\u043b\u0430\u0433\u043e\u0434\u0430\u0440\u044f <a href=\"https:\/\/elektrosvarka-blog.ru\/\">\u043c\u0435\u043b\u0441\u0442\u0440\u043e\u0439 \u043a\u0430\u0437\u0438\u043d\u043e<\/a> \u0432\u044b \u0441\u043c\u043e\u0436\u0435\u0442\u0435 \u043c\u0433\u043d\u043e\u0432\u0435\u043d\u043d\u043e \u043f\u043e\u043f\u043e\u043b\u043d\u044f\u0442\u044c \u0441\u0447\u0435\u0442 \u0438 \u0431\u044b\u0441\u0442\u0440\u043e \u043f\u043e\u043b\u0443\u0447\u0430\u0442\u044c \u0432\u044b\u043f\u043b\u0430\u0442\u044b, \u043d\u0435 \u0432\u044b\u0445\u043e\u0434\u044f \u0438\u0437 \u0434\u043e\u043c\u0430.<\/p>\n<\/div>\n<div style=\"position: absolute; left: -7566px;\">\n<p>\u0418\u0441\u043f\u044b\u0442\u0430\u0439\u0442\u0435 \u0430\u0437\u0430\u0440\u0442 \u0438\u0433\u0440 \u0431\u0435\u0437 \u0437\u0430\u0434\u0435\u0440\u0436\u0435\u043a: <a href=\"https:\/\/kindersyurpriz.ru\/\">\u0432\u0430\u0432\u0430\u0434\u0430<\/a> \u043b\u0435\u0433\u043a\u043e \u0437\u0430\u0440\u0435\u0433\u0438\u0441\u0442\u0440\u0438\u0440\u043e\u0432\u0430\u0442\u044c\u0441\u044f, \u0431\u044b\u0441\u0442\u0440\u043e \u043f\u043e\u043f\u043e\u043b\u043d\u0438\u0442\u044c \u0441\u0447\u0435\u0442 \u0438 \u043c\u0433\u043d\u043e\u0432\u0435\u043d\u043d\u043e \u043f\u043e\u043b\u0443\u0447\u0430\u0442\u044c \u0432\u044b\u0438\u0433\u0440\u044b\u0448\u0438, \u043e\u0431\u0435\u0441\u043f\u0435\u0447\u0438\u0432\u0430\u044f \u0432\u0430\u043c \u043d\u0435\u043f\u0440\u0435\u0440\u044b\u0432\u043d\u043e\u0435 \u0443\u0434\u043e\u0432\u043e\u043b\u044c\u0441\u0442\u0432\u0438\u0435 \u043e\u0442 \u0438\u0433\u0440\u044b.<\/p>\n<\/div>\n<div style=\"position: absolute; left: -7566px;\">\n<p>\u041e\u0442\u043a\u0440\u043e\u0439\u0442\u0435 \u043c\u0438\u0440 \u043e\u043d\u043b\u0430\u0439\u043d-\u043a\u0430\u0437\u0438\u043d\u043e \u0441 \u043b\u0435\u0433\u043a\u043e\u0439 \u0440\u0435\u0433\u0438\u0441\u0442\u0440\u0430\u0446\u0438\u0435\u0439, \u0433\u0434\u0435 <a href=\"https:\/\/transtelecom.kz\/\">pin up<\/a> \u043f\u0440\u0435\u0434\u043b\u0430\u0433\u0430\u0435\u0442 \u0431\u044b\u0441\u0442\u0440\u044b\u0435 \u0434\u0435\u043f\u043e\u0437\u0438\u0442\u044b \u0438 \u043c\u043e\u043b\u043d\u0438\u0435\u043d\u043e\u0441\u043d\u044b\u0435 \u0432\u044b\u043f\u043b\u0430\u0442\u044b, \u043e\u0431\u0435\u0441\u043f\u0435\u0447\u0438\u0432\u0430\u044f \u0431\u0435\u0437\u0443\u043f\u0440\u0435\u0447\u043d\u044b\u0439 \u0438\u0433\u0440\u043e\u0432\u043e\u0439 \u043e\u043f\u044b\u0442 \u0434\u043b\u044f \u0432\u0441\u0435\u0445.<\/p>\n<\/div>\n<div style=\"position: absolute; left: -7566px;\">\n<p>Eng so\u2019nggi xavfsizlik texnologiyalari bilan himoyalangan, keng tanlovdagi kazino o\u2019yinlari va provayderlaridan bahramand bo\u2019lishni xohlaysizmi? \u201c<a href=\"https:\/\/888-starz-uz.com\/\">888starz<\/a>\u201d sizni kutmoqda. Learn m.<\/p>\n<\/div>\n<div style=\"position: absolute; left: -7566px;\">\n<p>\u041f\u043e\u0433\u0440\u0443\u0437\u0438\u0442\u0435\u0441\u044c \u0432 \u0430\u0442\u043c\u043e\u0441\u0444\u0435\u0440\u0443 \u0440\u0435\u0430\u043b\u044c\u043d\u043e\u0433\u043e \u043a\u0430\u0437\u0438\u043d\u043e \u0441 \u0436\u0438\u0432\u044b\u043c\u0438 \u0434\u0438\u043b\u0435\u0440\u0430\u043c\u0438 \u0447\u0435\u0440\u0435\u0437 <a href=\"https:\/\/pin-up-casino-uz5.top\">\u043b\u0438\u0446\u0435\u043d\u0437\u0438\u0440\u043e\u0432\u0430\u043d\u043d\u043e\u0435 \u043a\u0430\u0437\u0438\u043d\u043e \u043e\u043d\u043b\u0430\u0439\u043d \u0443\u0437\u0431\u0435\u043a\u0438\u0441\u0442\u0430\u043d<\/a>, \u043d\u0430\u0441\u043b\u0430\u0436\u0434\u0430\u044f\u0441\u044c \u0430\u0437\u0430\u0440\u0442\u043e\u043c \u0438 \u0432\u043e\u0437\u043c\u043e\u0436\u043d\u043e\u0441\u0442\u044c\u044e \u0432\u044b\u0438\u0433\u0440\u0430\u0442\u044c \u0432 \u0440\u0435\u0436\u0438\u043c\u0435 \u0440\u0435\u0430\u043b\u044c\u043d\u043e\u0433\u043e \u0432\u0440\u0435\u043c\u0435\u043d\u0438.<\/p>\n<\/div>\n<div style=\"position: absolute; left: -7566px;\">\n<p>\u041f\u043e\u0433\u0440\u0443\u0437\u0438\u0442\u0435\u0441\u044c \u0432 \u0430\u0437\u0430\u0440\u0442 \u0438\u0433\u0440\u044b \u0432 <a href=\"https:\/\/telegram-stars-gifts-games.org\">\u0442\u0433 \u043a\u0430\u0437\u0438\u043d\u043e<\/a> \u043f\u0440\u044f\u043c\u043e \u043d\u0430 \u0432\u0430\u0448\u0435\u043c \u0441\u043c\u0430\u0440\u0442\u0444\u043e\u043d\u0435 \u0438\u043b\u0438 \u043f\u043b\u0430\u043d\u0448\u0435\u0442\u0435, \u043d\u0430\u0441\u043b\u0430\u0436\u0434\u0430\u044f\u0441\u044c \u043c\u0433\u043d\u043e\u0432\u0435\u043d\u043d\u044b\u043c\u0438 \u0431\u043e\u043d\u0443\u0441\u0430\u043c\u0438 \u0438 \u043d\u0435\u0432\u0435\u0440\u043e\u044f\u0442\u043d\u044b\u043c\u0438 \u0432\u044b\u0438\u0433\u0440\u044b\u0448\u0430\u043c\u0438 \u0432 \u043c\u0438\u0440\u0435 \u043e\u043d\u043b\u0430\u0439\u043d-\u0441\u043b\u043e\u0442\u043e\u0432 \u0438 \u0436\u0438\u0432\u044b\u0445 \u0434\u0438\u043b\u0435\u0440\u043e\u0432!<\/p>\n<\/div>\n<div style=\"position: absolute; left: -7566px;\">\n<p>\u041d\u0430\u0441\u043b\u0430\u0436\u0434\u0430\u0439\u0442\u0435\u0441\u044c \u0431\u0435\u0437\u043e\u043f\u0430\u0441\u043d\u043e\u0439 \u0438\u0433\u0440\u043e\u0439 \u043d\u0430 \u0441\u043c\u0430\u0440\u0442\u0444\u043e\u043d\u0435 \u0438\u043b\u0438 \u043f\u043b\u0430\u043d\u0448\u0435\u0442\u0435, \u0432\u044b\u0431\u0438\u0440\u0430\u044f <a href=\"https:\/\/aviatorplaykz.com\/\">Aviator<\/a> \u0434\u043b\u044f \u0443\u0447\u0430\u0441\u0442\u0438\u044f \u0432 \u0430\u0437\u0430\u0440\u0442\u043d\u044b\u0445 \u0440\u0430\u0437\u0432\u043b\u0435\u0447\u0435\u043d\u0438\u044f\u0445 \u043e\u043d\u043b\u0430\u0439\u043d-\u043a\u0430\u0437\u0438\u043d\u043e \u0441 \u0449\u0435\u0434\u0440\u044b\u043c\u0438 \u0431\u043e\u043d\u0443\u0441\u0430\u043c\u0438 \u0438 \u0443\u0432\u043b\u0435\u043a\u0430\u0442\u0435\u043b\u044c\u043d\u044b\u043c\u0438 \u0441\u043b\u043e\u0442\u0430\u043c\u0438.<\/p>\n<\/div>\n","protected":false},"excerpt":{"rendered":"<p>Twin Fish \u0e40\u0e1b\u0e47\u0e19\u0e40\u0e04\u0e23\u0e37\u0e48\u0e2d\u0e07\u0e2b\u0e21\u0e32\u0e22\u0e01\u0e32\u0e23\u0e04\u0e49\u0e32\u0e02\u0e2d\u0e07 \u0e1a\u0e23\u0e34\u0e29\u0e31\u0e17 \u0e40\u0e17\u0e40\u0e1a\u0e34\u0e49\u0e25\u0e41\u0e27\u0e23\u0e4c \u0e2d\u0e34\u0e19\u0e40\u0e15\u0e2d\u0e23\u0e4c\u0e40\u0e19\u0e0a\u0e31\u0e48\u0e19\u0e41\u0e19\u0e25 \u0e08\u0e33\u0e01\u0e31\u0e14\u00a0 \u0e40\u0e23\u0e32\u0e40\u0e1b\u0e47\u0e19\u0e1c\u0e39\u0e49\u0e1c\u0e25\u0e34\u0e15 \u0e08\u0e31\u0e14\u0e08\u0e33\u0e2b\u0e19\u0e48\u0e32\u0e22\u0e41\u0e25\u0e30\u0e2a\u0e48\u0e07\u0e2d\u0e2d\u0e01 \u0e40\u0e04\u0e23\u0e37\u0e48\u0e2d\u0e07\u0e43\u0e0a\u0e49\u0e1a\u0e19\u0e42\u0e15\u0e4a\u0e30\u0e2d\u0e32\u0e2b\u0e32\u0e23 \u0e21\u0e32\u0e22\u0e32\u0e27\u0e19\u0e32\u0e19\u0e01\u0e27\u0e48\u0e32 30 \u0e1b\u0e35 \u0e1c\u0e25\u0e34\u0e15\u0e20\u0e31\u0e13\u0e11\u0e4c\u0e2b\u0e25\u0e31\u0e01\u0e02\u0e2d\u0e07\u0e40\u0e23\u0e32\u0e44\u0e14\u0e49\u0e41\u0e01\u0e48 \u0e0a\u0e49\u0e2d\u0e19\u0e2a\u0e49\u0e2d\u0e21\u0e17\u0e35\u0e48\u0e17\u0e33\u0e08\u0e32\u0e01\u0e2a\u0e40\u0e15\u0e19\u0e40\u0e25\u0e2a \u0e21\u0e35\u0e14\u0e04\u0e23\u0e31\u0e27\u0e15\u0e48\u0e32\u0e07\u0e46 \u0e23\u0e27\u0e21\u0e16\u0e36\u0e07 \u0e2d\u0e38\u0e1b\u0e01\u0e23\u0e13\u0e4c\u0e1a\u0e19\u0e42\u0e15\u0e4a\u0e30\u0e2d\u0e32\u0e2b\u0e32\u0e23\u0e17\u0e35\u0e48\u0e17\u0e33\u0e08\u0e32\u0e01\u0e2a\u0e40\u0e15\u0e19\u0e40\u0e25\u0e2a\u0e17\u0e31\u0e49\u0e07\u0e2b\u0e21\u0e14 \u0e40\u0e0a\u0e48\u0e19 \u0e08\u0e32\u0e19\u0e0a\u0e32\u0e21 \u0e16\u0e32\u0e14 \u0e40\u0e1b\u0e47\u0e19\u0e15\u0e49\u0e19 \u0e15\u0e25\u0e2d\u0e14\u0e23\u0e30\u0e22\u0e30\u0e30\u0e40\u0e27\u0e25\u0e32\u0e01\u0e32\u0e23\u0e14\u0e33\u0e40\u0e19\u0e34\u0e19\u0e07\u0e32\u0e19\u0e17\u0e35\u0e48\u0e1c\u0e48\u0e32\u0e19\u0e21\u0e32 \u0e40\u0e23\u0e32\u0e21\u0e38\u0e48\u0e07\u0e40\u0e19\u0e49\u0e19\u0e01\u0e32\u0e23\u0e1c\u0e25\u0e34\u0e15\u0e2a\u0e34\u0e19\u0e04\u0e49\u0e32\u0e17\u0e35\u0e48\u0e21\u0e35\u0e04\u0e38\u0e13\u0e20\u0e32\u0e1e\u0e2a\u0e39\u0e07\u0e2a\u0e38\u0e14 \u0e01\u0e32\u0e23\u0e14\u0e35\u0e44\u0e0b\u0e19\u0e4c\u0e2d\u0e2d\u0e01\u0e41\u0e1a\u0e1a\u0e1c\u0e25\u0e34\u0e15\u0e20\u0e31\u0e13\u0e11\u0e4c\u0e43\u0e2b\u0e49\u0e19\u0e33\u0e2a\u0e21\u0e31\u0e22 \u0e41\u0e25\u0e30\u0e01\u0e32\u0e23\u0e1a\u0e23\u0e34\u0e01\u0e32\u0e23\u0e41\u0e01\u0e48\u0e25\u0e39\u0e01\u0e04\u0e49\u0e32\u0e2d\u0e22\u0e48\u0e32\u0e07\u0e0b\u0e37\u0e48\u0e2d\u0e2a\u0e31\u0e15\u0e22\u0e4c\u0e41\u0e25\u0e30\u0e08\u0e23\u0e34\u0e07\u0e43\u0e08 \u0e40\u0e23\u0e32\u0e21\u0e35\u0e04\u0e27\u0e32\u0e21\u0e22\u0e34\u0e19\u0e14\u0e35\u0e17\u0e35\u0e48\u0e08\u0e30\u0e43\u0e2b\u0e49\u0e1a\u0e23\u0e34\u0e01\u0e32\u0e23\u0e25\u0e39\u0e01\u0e04\u0e49\u0e32\u0e17\u0e38\u0e01\u0e17\u0e48\u0e32\u0e19 \u0e42\u0e14\u0e22\u0e2a\u0e32\u0e21\u0e32\u0e23\u0e16\u0e15\u0e34\u0e14\u0e15\u0e48\u0e2d\u0e2a\u0e2d\u0e1a\u0e16\u0e32\u0e21\u0e44\u0e14\u0e49\u0e17\u0e35\u0e48 \u0e1d\u0e48\u0e32\u0e22\u0e02\u0e32\u0e22 \u0e42\u0e17\u0e23\u00a0 02-1718222, 089-8895115, 081-8663668 \u0e42\u0e17\u0e23\u0e2a\u0e32\u0e23 02-1718224 \u0e1d\u0e48\u0e32\u0e22\u0e08\u0e31\u0e14\u0e2a\u0e48\u0e07\u0e2a\u0e34\u0e19\u0e04\u0e49\u0e32 \u0e42\u0e17\u0e23 036-733850 \u0e16\u0e36\u0e07 1,\u00a0 089-8885115\u00a0 \u0e42\u0e17\u0e23\u0e2a\u0e32\u0e23 036-733852 \u0e2d\u0e35\u0e40\u0e21\u0e25\u0e4c sales@thaitableware.com \u0e23\u0e49\u0e32\u0e19\u0e2d\u0e2d\u0e19\u0e44\u0e25\u0e19\u0e4c\u00a0\u00a0 www.twinfishshop.com Company website: www.thaitableware.com SHOWROOM 5\/1 Biz Town \u0e0b.\u0e28\u0e23\u0e35\u0e19\u0e04\u0e23\u0e34\u0e19\u0e17\u0e23\u0e4c [&hellip;]<\/p>\n","protected":false},"author":1,"featured_media":0,"parent":0,"menu_order":3,"comment_status":"closed","ping_status":"open","template":"","meta":{"footnotes":""},"class_list":["post-2","page","type-page","status-publish","hentry"],"_links":{"self":[{"href":"https:\/\/thaitableware.com\/wp-json\/wp\/v2\/pages\/2","targetHints":{"allow":["GET"]}}],"collection":[{"href":"https:\/\/thaitableware.com\/wp-json\/wp\/v2\/pages"}],"about":[{"href":"https:\/\/thaitableware.com\/wp-json\/wp\/v2\/types\/page"}],"author":[{"embeddable":true,"href":"https:\/\/thaitableware.com\/wp-json\/wp\/v2\/users\/1"}],"replies":[{"embeddable":true,"href":"https:\/\/thaitableware.com\/wp-json\/wp\/v2\/comments?post=2"}],"version-history":[{"count":43,"href":"https:\/\/thaitableware.com\/wp-json\/wp\/v2\/pages\/2\/revisions"}],"predecessor-version":[{"id":63106,"href":"https:\/\/thaitableware.com\/wp-json\/wp\/v2\/pages\/2\/revisions\/63106"}],"wp:attachment":[{"href":"https:\/\/thaitableware.com\/wp-json\/wp\/v2\/media?parent=2"}],"curies":[{"name":"wp","href":"https:\/\/api.w.org\/{rel}","templated":true}]}}